 1 - -3)/(3/9). Let o be y(v). Suppose 7*l + o*l - 24 = 0. Calculate the greatest common divisor of 2 and l.
2
Let z(y) = -y**2 + 17*y - 14. Let k be z(15). Let d be (-1 - k - -3)/2. Let m(q) = -26*q + 3. Let o be m(d). What is the greatest common factor of o and 74?
37
Let n be (-294)/(((-2)/140)/((-120)/(-900))). Calculate the highest common divisor of n and 8.
8
Suppose 1757 + 7902 = 652*s - 3381. Calculate the greatest common factor of 3380 and s.
20
Suppose h - 164 = -3*o, -o + 4*h = -11 - 61. Calculate the greatest common divisor of 154 and o.
14
Suppose 5*c - 3*z = 1, 3*c = z - 3*z + 12. Suppose -218 = -c*w - 36. What is the highest common factor of 39 and w?
13
Let i = 46 + 8. Suppose 2*x - 44 = -4*a, -224 = -5*x + 5*a - i. Let u be (2 - (-24 + 30)) + 608/2. What is the greatest common factor of u and x?
30
Let q = 4021 + -3995. Calculate the greatest common divisor of 5473 and q.
13
Suppose -j - 119 = -4*g, 2*g = -10*j + 9*j + 61. Calculate the highest common factor of 2124 and g.
6
Let u(r) = -r**3 + 21*r**2 + 22*r - 6. Let k be u(22). Let l be (-27)/((-4824)/800 - k). What is the highest common divisor of 36 and l?
36
Let v be 25 + (-6)/(-18)*3. Suppose 0 = -6*y + 110 - v. Let k(q) = -q**2 + 6*q + 9. Let u be k(7). What is the greatest common factor of y and u?
2
Suppose 8*d - 3*d - 75 = 0. Suppose 16 = -2*a + 3*i + 39, -5*i = -a + d. Let z(t) = -t**3 + 4. Let j be z(0). Calculate the greatest common divisor of j and a.
2
Let z = 44 - -6. Let y(p) = -3*p + 35. Let q be y(-6). Let u = q - 28. Calculate the greatest common factor of u and z.
25
Suppose -4*m + 200 = 3*w - 0*m, 5*m = 5*w - 310. Calculate the highest common factor of w and 608.
32
Let s(h) = 2*h**2 + 9*h + 238. Let y be s(-77). Calculate the highest common divisor of 63 and y.
63
Suppose -91*m - 7752 = -103*m. What is the greatest common factor of m and 136?
34
Let s be ((-399)/(-1197))/(0 + 1/330). What is the greatest common factor of s and 270?
10
Let m(y) = -2*y**3 + 49*y**2 - 222*y + 34. Let v be m(15). Calculate the highest common factor of 55 and v.
11
Suppose 37*h - 100 = 17*h. Suppose 4*p + p + h*l = 120, 0 = l. What is the greatest common divisor of 600 and p?
24
Let l = 10033 + -9956. What is the highest common divisor of l and 91?
7
Suppose 299*k = -3*l + 294*k + 143, -4*k - 20 = 0. What is the greatest common divisor of l and 1778?
14
Let z = 74 + 52. Suppose -16 = 10*k - z. Suppose -7*t + 77 = -6*t. What is the highest common factor of t and k?
11
Suppose -3*q + 5*q = 2*t - 40, 14 = t + q. Let m(j) = j**3 - 17*j**2 + 4*j - 23. Let l be m(t). Let v = l - 21. What is the highest common divisor of 168 and v?
24
Let p = 188 + -20. Let o = 177 - p. What is the highest common divisor of 144 and o?
9
Suppose 5*n + 8 = 2*g + 3*n, -n - 9 = -2*g. Suppose 20 = g*h, 254 = 3*j + 5*h + 78. Calculate the highest common divisor of j and 195.
13
Suppose -32141 = -48*y + 48107 + 44600. What is the greatest common divisor of 1836 and y?
153
Suppose 0 = -3*h - 4*v, -5*h - 2*v = -6*v - 32. Suppose -h*a - 556 = -s, 3*s - a - 1704 = 2*a. Let p = s - 312. What is the highest common factor of p and 26?
26
Suppose 490*j + 30 = 493*j. Let b be ((-27)/6)/(6/(-104)). Let m = j + b. Calculate the highest common factor of m and 8.
8
Let f = 4112 - 4060. Calculate the greatest common divisor of f and 284.
4
Let h be 18 + (-16)/((-160)/8790). Calculate the highest common divisor of h and 78.
39
Suppose n - 7 = c, -c + 7 = 4*n - 1. Suppose 11*k - 336 = n*k. Calculate the greatest common factor of k and 70.
14
Let d(b) = 216*b**3 - b**2 - b - 1. Let m be d(-1). Let r = -105 - m. Let i be 1/4 - 126/(-8). What is the highest common factor of r and i?
16
Let g = 460098 + -460090. Let c(h) = 15*h - 6. Let u be c(4). What is the highest common divisor of g and u?
2
Let c(o) = -3*o + 3. Let u be c(-2). Let n be 330/u - 4/6. Suppose 151 = -11*q + 547. What is the greatest common divisor of n and q?
36
Let f(g) = 7*g - 32. Suppose -33*q + 29*q = -32. Let n be f(q). Suppose 0 = -2*x + 1 + 3. What is the highest common divisor of x and n?
2
Let n(y) = -2*y**3 - 4*y**2 + 10*y + 8. Let x be n(0). Calculate the highest common divisor of 79 and x.
1
Let t be (((-45881)/2)/(-11))/(-1*4/(-8)). What is the highest common factor of t and 194?
97
Suppose -4*q + 489 - 477 = 0. Suppose 4*f - 16 = 0, -2*n = q*f - 12 - 4. Calculate the highest common factor of n and 29.
1
Suppose 0 = 63*j - 3959 - 5278 - 3867. Let f = -54 - -80. Calculate the highest common divisor of j and f.
26
Let n be (-72)/(-15) - 4/(-20). Suppose 2*d + 432 = n*d. What is the highest common divisor of d and 16?
16
Let w = 33 + 146. Let o = w + -35. Calculate the highest common divisor of 8 and o.
8
Let a = 10992 + -8880. Calculate the highest common divisor of a and 66.
66
Let d = -236 - -245. Let y be (-2)/(0 - 6/135). What is the greatest common factor of d and y?
9
Let b be ((20790/8)/(-27))/((-4)/32). Calculate the greatest common factor of 140 and b.
70
Let r = 122 - 47. Let u = -82670 - -82695. What is the highest common divisor of r and u?
25
Let m(a) = -2*a - 1. Let o(r) = -84*r + 48. Let p(t) = 36*m(t) - o(t). Let f be p(8). Calculate the greatest common factor of f and 84.
12
Suppose 25*q - 7155 = 20*q. Suppose -z = -3, 11*v - 8*v + z = q. What is the highest common divisor of v and 28?
28
Let q be (-2 + 1)/(6/24*-2). Suppose q*h - 69 = 109. Suppose 0 = -4*v + 5*z + h, 3*z - 60 = -4*v + v. Calculate the greatest common factor of 14 and v.
7
Suppose 1393*v + 30368 = 1446*v + 5564. What is the greatest common divisor of v and 3600?
36
Suppose 2*d - 11312 = -5*n + 3*n, 0 = -5*n - 35. Calculate the highest common factor of 14 and d.
7
Let h be ((-51084)/264)/((-4)/200). What is the greatest common factor of 387 and h?
387
Let o be 2/7 + (-280120)/(-658). What is the greatest common factor of 1633 and o?
71
Suppose -1201 = 25*f - 1951. Suppose 4*u - 5*u = -210. Calculate the highest common divisor of u and f.
30
Let z(g) = 7*g - g + 6*g**2 - 2*g - 54 + 14 - 10. Let q be z(11). Calculate the greatest common factor of 40 and q.
40
Let q = 33285 - 23947. Calculate the greatest common divisor of q and 290.
58
Suppose -23*x - 1911 - 7772 = 0. Let w = x + 518. Calculate the greatest common factor of w and 97.
97
Let g = 165 - 130. Let v = -20 + g. Suppose 14*p - v = -p. What is the greatest common divisor of 16 and p?
1
Suppose -t - 5*q + 3 = 0, 2*t = -5*q + 7*q + 54. What is the greatest common divisor of t and 207?
23
Suppose 0 = 4*w + 40 + 296. Let l = w - -184. Let f = 41 + -1. What is the greatest common factor of l and f?
20
Let r be 797/(-1) - (61 + -62). Let i = -772 - r. Calculate the highest common divisor of 21 and i.
3
Suppose -45*w + 47*w - 10 = 0, 4*w = 5*t - 8815. What is the greatest common factor of 171 and t?
57
Let y = 17 - 9. Let g be -2 + -1 - (88 + -8). Let t = 103 + g. Calculate the greatest common factor of t and y.
4
Let d be 0/(-1) + -4 - -7. Suppose 2*x - 420 = -d*k, 0*x + 2*k = 4*x - 824. What is the greatest common divisor of x and 23?
23
Let v(u) = 1869*u + 5 + 3*u**2 - 1877*u - u**3 - 10*u**2. Let r be v(-6). What is the highest common divisor of r and 289?
17
Let z = -151 + 121. Let x be 0 - z - (-7 + -8 + 12). What is the highest common factor of x and 11?
11
Let l(x) = 24*x**2 - 15*x + 56. Let c be (6/8)/(460/64 - 7). Let a be l(c). Calculate the highest common divisor of 20 and a.
20
Let k(l) = -278*l**2 - 1151*l - 12. Let r be k(-4). What is the greatest common factor of 6768 and r?
144
Let d = 8513 - 6897. Calculate the greatest common divisor of 32 and d.
16
Suppose -107 = -2*j - 23. Let i be -2 + 5 + 3 + 75. Let h = 95 - i. What is the highest common factor of j and h?
14
Suppose 0 = 6*w - w - n - 2015, -w = -5*n - 379. Let x = w - 361. Calculate the highest common divisor of x and 43.
43
Let f = 87 + -260. Let l = -106 - f. Suppose 0 = -6*w + 1445 + l. What is the highest common factor of 36 and w?
36
Let j(y) = -22*y - 129. Let i = -276 + 269. Let h be j(i). What is the highest common divisor of h and 20?
5
Suppose 0*w = x - w + 190, 194 = -x + 3*w. Let h = x + 269. Let y = 1134 - 1125. Calculate the greatest common factor of h and y.
9
Let w(q) = -15*q + 141. Let a be w(9). Let n(h) = 20*h**2 - 61